{"id":173,"date":"2022-06-08T15:10:52","date_gmt":"2022-06-08T13:10:52","guid":{"rendered":"https:\/\/www.cp-beautypoint.at\/new\/?page_id=173"},"modified":"2022-06-24T21:33:58","modified_gmt":"2022-06-24T19:33:58","slug":"heilfarben-nach-dinshah","status":"publish","type":"page","link":"https:\/\/www.cp-beautypoint.at\/new\/?page_id=173","title":{"rendered":"Heilfarben nach Dinshah"},"content":{"rendered":"\n<p><strong>Heilfarbenger\u00e4t der Farbenlehre nach Dinshah:<\/strong><\/p>\n\n\n<div class=\"wp-block-image\">\n<figure class=\"alignright\"><img decoding=\"async\" src=\"http:\/\/www.cp-beautypoint.at\/thumb_w600_h400_farbwirbel.jpg\" alt=\"\"\/><\/figure>\n<\/div>\n\n\n<p>Die Farben wirken auf:<br>1. die Elemente des Menschlichen K\u00f6rpers<br>2. die Nahrung<br>3. den K\u00f6rper und seinen Funktionen<br>4. Charakter und Pers\u00f6nlichkeit<br>5. die Aura<br>6. die Chakren<\/p>\n","protected":false},"excerpt":{"rendered":"<p>Heilfarbenger\u00e4t der Farbenlehre nach Dinshah: Die Farben wirken auf:1. die Elemente des Menschlichen K\u00f6rpers2. die Nahrung3. den K\u00f6rper und seinen Funktionen4. Charakter und Pers\u00f6nlichkeit5. die Aura6. die Chakren<\/p>\n","protected":false},"author":1,"featured_media":390,"parent":108,"menu_order":1,"comment_status":"closed","ping_status":"closed","template":"","meta":{"footnotes":""},"class_list":["post-173","page","type-page","status-publish","has-post-thumbnail","hentry"],"_links":{"self":[{"href":"https:\/\/www.cp-beautypoint.at\/new\/index.php?rest_route=\/wp\/v2\/pages\/173","targetHints":{"allow":["GET"]}}],"collection":[{"href":"https:\/\/www.cp-beautypoint.at\/new\/index.php?rest_route=\/wp\/v2\/pages"}],"about":[{"href":"https:\/\/www.cp-beautypoint.at\/new\/index.php?rest_route=\/wp\/v2\/types\/page"}],"author":[{"embeddable":true,"href":"https:\/\/www.cp-beautypoint.at\/new\/index.php?rest_route=\/wp\/v2\/users\/1"}],"replies":[{"embeddable":true,"href":"https:\/\/www.cp-beautypoint.at\/new\/index.php?rest_route=%2Fwp%2Fv2%2Fcomments&post=173"}],"version-history":[{"count":2,"href":"https:\/\/www.cp-beautypoint.at\/new\/index.php?rest_route=\/wp\/v2\/pages\/173\/revisions"}],"predecessor-version":[{"id":341,"href":"https:\/\/www.cp-beautypoint.at\/new\/index.php?rest_route=\/wp\/v2\/pages\/173\/revisions\/341"}],"up":[{"embeddable":true,"href":"https:\/\/www.cp-beautypoint.at\/new\/index.php?rest_route=\/wp\/v2\/pages\/108"}],"wp:featuredmedia":[{"embeddable":true,"href":"https:\/\/www.cp-beautypoint.at\/new\/index.php?rest_route=\/wp\/v2\/media\/390"}],"wp:attachment":[{"href":"https:\/\/www.cp-beautypoint.at\/new\/index.php?rest_route=%2Fwp%2Fv2%2Fmedia&parent=173"}],"curies":[{"name":"wp","href":"https:\/\/api.w.org\/{rel}","templated":true}]}}