{"id":195,"date":"2022-06-08T15:23:20","date_gmt":"2022-06-08T13:23:20","guid":{"rendered":"https:\/\/www.cp-beautypoint.at\/new\/?page_id=195"},"modified":"2022-06-13T14:52:44","modified_gmt":"2022-06-13T12:52:44","slug":"cranio-sacrale","status":"publish","type":"page","link":"https:\/\/www.cp-beautypoint.at\/new\/?page_id=195","title":{"rendered":"Cranio Sacrale"},"content":{"rendered":"<div class=\"wp-block-image\">\n<figure class=\"alignright\"><img decoding=\"async\" src=\"http:\/\/www.cp-beautypoint.at\/cranio.png\" alt=\"\"\/><\/figure>\n<\/div>\n\n\n<p>Eine sanfte, manuelle Technik, mit deren Hilfe Spannungen und Verh\u00e4rtungen im Bindegewebe des K\u00f6rpers aufsp\u00fcrt und korrigiert werden k\u00f6nnen. Dieser Spannungsausgleich erm\u00f6glicht eine funktionelle Optimierung und Entlastung des Nervensystems. Auf Grund dieser Entlastung verbessert sich die Wahrnehmung, die Motorik und die emotionale &#8211; soziale Einbindung<\/p>\n","protected":false},"excerpt":{"rendered":"<p>Eine sanfte, manuelle Technik, mit deren Hilfe Spannungen und Verh\u00e4rtungen im Bindegewebe des K\u00f6rpers aufsp\u00fcrt und korrigiert werden k\u00f6nnen. Dieser Spannungsausgleich erm\u00f6glicht eine funktionelle Optimierung und Entlastung des Nervensystems. Auf &hellip; <\/p>\n","protected":false},"author":1,"featured_media":377,"parent":108,"menu_order":5,"comment_status":"closed","ping_status":"closed","template":"","meta":{"footnotes":""},"class_list":["post-195","page","type-page","status-publish","has-post-thumbnail","hentry"],"_links":{"self":[{"href":"https:\/\/www.cp-beautypoint.at\/new\/index.php?rest_route=\/wp\/v2\/pages\/195","targetHints":{"allow":["GET"]}}],"collection":[{"href":"https:\/\/www.cp-beautypoint.at\/new\/index.php?rest_route=\/wp\/v2\/pages"}],"about":[{"href":"https:\/\/www.cp-beautypoint.at\/new\/index.php?rest_route=\/wp\/v2\/types\/page"}],"author":[{"embeddable":true,"href":"https:\/\/www.cp-beautypoint.at\/new\/index.php?rest_route=\/wp\/v2\/users\/1"}],"replies":[{"embeddable":true,"href":"https:\/\/www.cp-beautypoint.at\/new\/index.php?rest_route=%2Fwp%2Fv2%2Fcomments&post=195"}],"version-history":[{"count":3,"href":"https:\/\/www.cp-beautypoint.at\/new\/index.php?rest_route=\/wp\/v2\/pages\/195\/revisions"}],"predecessor-version":[{"id":345,"href":"https:\/\/www.cp-beautypoint.at\/new\/index.php?rest_route=\/wp\/v2\/pages\/195\/revisions\/345"}],"up":[{"embeddable":true,"href":"https:\/\/www.cp-beautypoint.at\/new\/index.php?rest_route=\/wp\/v2\/pages\/108"}],"wp:featuredmedia":[{"embeddable":true,"href":"https:\/\/www.cp-beautypoint.at\/new\/index.php?rest_route=\/wp\/v2\/media\/377"}],"wp:attachment":[{"href":"https:\/\/www.cp-beautypoint.at\/new\/index.php?rest_route=%2Fwp%2Fv2%2Fmedia&parent=195"}],"curies":[{"name":"wp","href":"https:\/\/api.w.org\/{rel}","templated":true}]}}