{"id":210,"date":"2022-06-08T15:37:35","date_gmt":"2022-06-08T13:37:35","guid":{"rendered":"https:\/\/www.cp-beautypoint.at\/new\/?page_id=210"},"modified":"2025-12-18T21:20:37","modified_gmt":"2025-12-18T20:20:37","slug":"produkte-2-2","status":"publish","type":"page","link":"https:\/\/www.cp-beautypoint.at\/new\/?page_id=210","title":{"rendered":"Produkte"},"content":{"rendered":"\n<div class=\"wp-block-media-text has-media-on-the-right is-stacked-on-mobile\" style=\"grid-template-columns:auto 40%\"><div class=\"wp-block-media-text__content\">\n<p>Mit der Kraft der Pflanzen kreieren wir einzigartige Wirkstoff-Systeme, die in unseren Produkten, den HerbaCeuticals, ihre volle Wirkung entfalten.<\/p>\n\n\n\n<p>Innovative Wirkstoffe und beste Vertr\u00e4glichkeit ohne jegliche Konservierungsstoffe &#8211; das macht unsere Produkte so besonders.<\/p>\n\n\n\n<p class=\"has-text-align-center\"><a href=\"https:\/\/www.neovita.eu\/index.php\/de\/\" target=\"_blank\" rel=\"noreferrer noopener\">Produkt\u00fcbersicht<\/a><\/p>\n<\/div><figure class=\"wp-block-media-text__media\"><a href=\"https:\/\/www.neovita.eu\/index.php\/de\/\" target=\"_blank\" rel=\"noreferrer noopener\"><img loading=\"lazy\" decoding=\"async\" width=\"189\" height=\"113\" src=\"https:\/\/www.cp-beautypoint.at\/new\/wp-content\/uploads\/2023\/12\/NV-Logo2.jpg\" alt=\"\" class=\"wp-image-781 size-full\" srcset=\"https:\/\/www.cp-beautypoint.at\/new\/wp-content\/uploads\/2023\/12\/NV-Logo2.jpg 189w, https:\/\/www.cp-beautypoint.at\/new\/wp-content\/uploads\/2023\/12\/NV-Logo2-100x60.jpg 100w\" sizes=\"auto, (max-width: 189px) 100vw, 189px\" \/><\/a><\/figure><\/div>\n\n\n\n<hr class=\"wp-block-separator has-alpha-channel-opacity\"\/>\n\n\n\n<div class=\"wp-block-media-text alignwide is-stacked-on-mobile\"><figure class=\"wp-block-media-text__media\"><a href=\"https:\/\/www.youngliving.com\/de_AT\/\"><img loading=\"lazy\" decoding=\"async\" width=\"611\" height=\"189\" src=\"https:\/\/www.cp-beautypoint.at\/new\/wp-content\/uploads\/2022\/06\/young-living.png\" alt=\"\" class=\"wp-image-439 size-full\" srcset=\"https:\/\/www.cp-beautypoint.at\/new\/wp-content\/uploads\/2022\/06\/young-living.png 611w, https:\/\/www.cp-beautypoint.at\/new\/wp-content\/uploads\/2022\/06\/young-living-300x93.png 300w, https:\/\/www.cp-beautypoint.at\/new\/wp-content\/uploads\/2022\/06\/young-living-194x60.png 194w\" sizes=\"auto, (max-width: 611px) 100vw, 611px\" \/><\/a><\/figure><div class=\"wp-block-media-text__content\">\n<p class=\"has-medium-font-size\">Young Living ist der Weltmarktf\u00fchrer in Sachen \u00e4therische \u00d6le. Wir bieten reine \u00e4therische \u00d6le f\u00fcr einen nat\u00fcrlichen&#8230;.<\/p>\n\n\n\n<p class=\"has-text-align-center\"><a href=\"https:\/\/www.youngliving.com\/de_AT\/\" target=\"_blank\" rel=\"noreferrer noopener\">Produkt\u00fcbersicht<\/a><\/p>\n<\/div><\/div>\n\n\n\n<hr class=\"wp-block-separator has-alpha-channel-opacity\"\/>\n\n\n\n<div class=\"wp-block-media-text alignwide has-media-on-the-right is-stacked-on-mobile\"><div class=\"wp-block-media-text__content\">\n<p class=\"has-medium-font-size\">Unser Ziel ist es, mit unseren Produkten eine wertvolle und m\u00f6glichst nat\u00fcrliche Form der Nahrungserg\u00e4nzung anzubieten. Alle Produkte sind das Ergebnis enger Zusammenarbeit mit Produkttechnologen und zertifizierten Herstellern von pharmazeutischen Pr\u00e4paraten.<\/p>\n\n\n\n<p class=\"has-text-align-center has-medium-font-size\"><a rel=\"noreferrer noopener\" href=\"https:\/\/www.phytoaustria.at\/\" target=\"_blank\">Produkt\u00fcbersicht<\/a><\/p>\n<\/div><figure class=\"wp-block-media-text__media\"><a href=\"https:\/\/www.phytoaustria.at\/\"><img loading=\"lazy\" decoding=\"async\" width=\"684\" height=\"187\" src=\"https:\/\/www.cp-beautypoint.at\/new\/wp-content\/uploads\/2022\/06\/pa-image.gif\" alt=\"\" class=\"wp-image-514 size-full\"\/><\/a><\/figure><\/div>\n\n\n\n<hr class=\"wp-block-separator has-alpha-channel-opacity\"\/>\n\n\n\n<div class=\"wp-block-media-text alignwide is-stacked-on-mobile\"><figure class=\"wp-block-media-text__media\"><a href=\"https:\/\/www.biogena.com\/?afid=AD0618306\"><img loading=\"lazy\" decoding=\"async\" width=\"355\" height=\"142\" src=\"https:\/\/www.cp-beautypoint.at\/new\/wp-content\/uploads\/2022\/07\/index.png\" alt=\"\" class=\"wp-image-603 size-full\" srcset=\"https:\/\/www.cp-beautypoint.at\/new\/wp-content\/uploads\/2022\/07\/index.png 355w, https:\/\/www.cp-beautypoint.at\/new\/wp-content\/uploads\/2022\/07\/index-300x120.png 300w, https:\/\/www.cp-beautypoint.at\/new\/wp-content\/uploads\/2022\/07\/index-150x60.png 150w\" sizes=\"auto, (max-width: 355px) 100vw, 355px\" \/><\/a><\/figure><div class=\"wp-block-media-text__content\">\n<p class=\"has-text-align-center has-medium-font-size\"><a href=\"https:\/\/www.biogena.com\/?afid=AD0618306\" target=\"_blank\" rel=\"noreferrer noopener\">Produkt\u00fcbersicht<\/a><\/p>\n<\/div><\/div>\n\n\n\n<hr class=\"wp-block-separator has-alpha-channel-opacity\"\/>\n\n\n\n<div class=\"wp-block-media-text alignwide has-media-on-the-right is-stacked-on-mobile\"><div class=\"wp-block-media-text__content\">\n<p class=\"has-medium-font-size\">So sch\u00f6n kann ihr Leben sein &#8211; mit SOFRI energy cosmetics<\/p>\n\n\n\n<p class=\"has-text-align-center has-medium-font-size\"><a href=\"https:\/\/www.sofri.com\/de\" target=\"_blank\" rel=\"noreferrer noopener\">Produkt\u00fcbersicht<\/a><\/p>\n<\/div><figure class=\"wp-block-media-text__media\"><a href=\"https:\/\/www.sofri.com\/de\"><img loading=\"lazy\" decoding=\"async\" width=\"695\" height=\"420\" src=\"https:\/\/www.cp-beautypoint.at\/new\/wp-content\/uploads\/2022\/06\/sofri13.jpg\" alt=\"\" class=\"wp-image-515 size-full\" srcset=\"https:\/\/www.cp-beautypoint.at\/new\/wp-content\/uploads\/2022\/06\/sofri13.jpg 695w, https:\/\/www.cp-beautypoint.at\/new\/wp-content\/uploads\/2022\/06\/sofri13-300x181.jpg 300w, https:\/\/www.cp-beautypoint.at\/new\/wp-content\/uploads\/2022\/06\/sofri13-99x60.jpg 99w\" sizes=\"auto, (max-width: 695px) 100vw, 695px\" \/><\/a><\/figure><\/div>\n\n\n\n<hr class=\"wp-block-separator has-alpha-channel-opacity\"\/>\n\n\n\n<div class=\"wp-block-media-text alignwide is-stacked-on-mobile\"><figure class=\"wp-block-media-text__media\"><a href=\"http:\/\/www.gehwol.de\/fusspflegeprodukte\/\"><img loading=\"lazy\" decoding=\"async\" width=\"437\" height=\"146\" src=\"https:\/\/www.cp-beautypoint.at\/new\/wp-content\/uploads\/2022\/06\/button_gehwohl-1.jpg\" alt=\"\" class=\"wp-image-436 size-full\" srcset=\"https:\/\/www.cp-beautypoint.at\/new\/wp-content\/uploads\/2022\/06\/button_gehwohl-1.jpg 437w, https:\/\/www.cp-beautypoint.at\/new\/wp-content\/uploads\/2022\/06\/button_gehwohl-1-300x100.jpg 300w, https:\/\/www.cp-beautypoint.at\/new\/wp-content\/uploads\/2022\/06\/button_gehwohl-1-180x60.jpg 180w\" sizes=\"auto, (max-width: 437px) 100vw, 437px\" \/><\/a><\/figure><div class=\"wp-block-media-text__content\">\n<p class=\"has-medium-font-size\">In Apotheken sind GEHWOL-Pr\u00e4parate die am h\u00e4ufigsten verkauften Kosmetika zur Fu\u00dfpflege &#8211; und bundesweit auch die bekanntesten. &#8222;Alles f\u00fcr das Wohl der F\u00fc\u00dfe&#8220;<\/p>\n\n\n\n<p class=\"has-text-align-center\"><a href=\"http:\/\/www.gehwol.de\/fusspflegeprodukte\/\" data-type=\"URL\" data-id=\"http:\/\/www.gehwol.de\/fusspflegeprodukte\/\" target=\"_blank\" rel=\"noreferrer noopener\">Produkt\u00fcbersicht<\/a><\/p>\n<\/div><\/div>\n","protected":false},"excerpt":{"rendered":"<p>Mit der Kraft der Pflanzen kreieren wir einzigartige Wirkstoff-Systeme, die in unseren Produkten, den HerbaCeuticals, ihre volle Wirkung entfalten. Innovative Wirkstoffe und beste Vertr\u00e4glichkeit ohne jegliche Konservierungsstoffe &#8211; das macht &hellip; <\/p>\n","protected":false},"author":1,"featured_media":380,"parent":0,"menu_order":0,"comment_status":"closed","ping_status":"closed","template":"","meta":{"footnotes":""},"class_list":["post-210","page","type-page","status-publish","has-post-thumbnail","hentry"],"_links":{"self":[{"href":"https:\/\/www.cp-beautypoint.at\/new\/index.php?rest_route=\/wp\/v2\/pages\/210","targetHints":{"allow":["GET"]}}],"collection":[{"href":"https:\/\/www.cp-beautypoint.at\/new\/index.php?rest_route=\/wp\/v2\/pages"}],"about":[{"href":"https:\/\/www.cp-beautypoint.at\/new\/index.php?rest_route=\/wp\/v2\/types\/page"}],"author":[{"embeddable":true,"href":"https:\/\/www.cp-beautypoint.at\/new\/index.php?rest_route=\/wp\/v2\/users\/1"}],"replies":[{"embeddable":true,"href":"https:\/\/www.cp-beautypoint.at\/new\/index.php?rest_route=%2Fwp%2Fv2%2Fcomments&post=210"}],"version-history":[{"count":21,"href":"https:\/\/www.cp-beautypoint.at\/new\/index.php?rest_route=\/wp\/v2\/pages\/210\/revisions"}],"predecessor-version":[{"id":973,"href":"https:\/\/www.cp-beautypoint.at\/new\/index.php?rest_route=\/wp\/v2\/pages\/210\/revisions\/973"}],"wp:featuredmedia":[{"embeddable":true,"href":"https:\/\/www.cp-beautypoint.at\/new\/index.php?rest_route=\/wp\/v2\/media\/380"}],"wp:attachment":[{"href":"https:\/\/www.cp-beautypoint.at\/new\/index.php?rest_route=%2Fwp%2Fv2%2Fmedia&parent=210"}],"curies":[{"name":"wp","href":"https:\/\/api.w.org\/{rel}","templated":true}]}}