{"id":953,"date":"2025-10-23T17:40:28","date_gmt":"2025-10-23T15:40:28","guid":{"rendered":"https:\/\/www.cp-beautypoint.at\/new\/?page_id=953"},"modified":"2025-10-23T20:30:01","modified_gmt":"2025-10-23T18:30:01","slug":"hot-stone-massage","status":"publish","type":"page","link":"https:\/\/www.cp-beautypoint.at\/new\/?page_id=953","title":{"rendered":"Hot &#8211; Stone &#8211; Massage"},"content":{"rendered":"\n<h3 class=\"wp-block-heading\"><\/h3>\n\n\n\n<p><\/p>\n\n\n\n<div class=\"wp-block-media-text is-stacked-on-mobile\" style=\"grid-template-columns:35% auto\"><figure class=\"wp-block-media-text__media\"><img loading=\"lazy\" decoding=\"async\" width=\"1024\" height=\"938\" src=\"https:\/\/www.cp-beautypoint.at\/new\/wp-content\/uploads\/2025\/10\/IMG_9707.webp\" alt=\"\" class=\"wp-image-949 size-full\" srcset=\"https:\/\/www.cp-beautypoint.at\/new\/wp-content\/uploads\/2025\/10\/IMG_9707.webp 1024w, https:\/\/www.cp-beautypoint.at\/new\/wp-content\/uploads\/2025\/10\/IMG_9707-300x275.webp 300w, https:\/\/www.cp-beautypoint.at\/new\/wp-content\/uploads\/2025\/10\/IMG_9707-768x704.webp 768w\" sizes=\"auto, (max-width: 1024px) 100vw, 1024px\" \/><\/figure><div class=\"wp-block-media-text__content\">\n<p>Verbesserte Durchblutung und effektive Linderung von Nacken-, Schulter- und R\u00fcckenschmerzen. Erfrischen Sie schmerzende Arme, verspannte Schultern, einen steifen R\u00fccken oder einen verspannten Nacken. Sie k\u00f6nnen es sogar im Bauchbereich anwenden, um Schmerzen und Kr\u00e4mpfe sofort zu lindern.<\/p>\n\n\n\n<p>Die Anwendung hat sp\u00fcrbare Auswirkungen auf Ihre Stimmung, Ihren Geisteszustand. Genie\u00dfen Sie Entspannung f\u00fcr K\u00f6rper und Geist, verbessern Sie Ihren Schlaf und bauen Sie Stress und Angst ab.<\/p>\n<\/div><\/div>\n\n\n\n<p><\/p>\n","protected":false},"excerpt":{"rendered":"<p>Verbesserte Durchblutung und effektive Linderung von Nacken-, Schulter- und R\u00fcckenschmerzen. Erfrischen Sie schmerzende Arme, verspannte Schultern, einen steifen R\u00fccken oder einen verspannten Nacken. Sie k\u00f6nnen es sogar im Bauchbereich anwenden, &hellip; <\/p>\n","protected":false},"author":2,"featured_media":951,"parent":100,"menu_order":5,"comment_status":"closed","ping_status":"closed","template":"","meta":{"footnotes":""},"class_list":["post-953","page","type-page","status-publish","has-post-thumbnail","hentry"],"_links":{"self":[{"href":"https:\/\/www.cp-beautypoint.at\/new\/index.php?rest_route=\/wp\/v2\/pages\/953","targetHints":{"allow":["GET"]}}],"collection":[{"href":"https:\/\/www.cp-beautypoint.at\/new\/index.php?rest_route=\/wp\/v2\/pages"}],"about":[{"href":"https:\/\/www.cp-beautypoint.at\/new\/index.php?rest_route=\/wp\/v2\/types\/page"}],"author":[{"embeddable":true,"href":"https:\/\/www.cp-beautypoint.at\/new\/index.php?rest_route=\/wp\/v2\/users\/2"}],"replies":[{"embeddable":true,"href":"https:\/\/www.cp-beautypoint.at\/new\/index.php?rest_route=%2Fwp%2Fv2%2Fcomments&post=953"}],"version-history":[{"count":4,"href":"https:\/\/www.cp-beautypoint.at\/new\/index.php?rest_route=\/wp\/v2\/pages\/953\/revisions"}],"predecessor-version":[{"id":959,"href":"https:\/\/www.cp-beautypoint.at\/new\/index.php?rest_route=\/wp\/v2\/pages\/953\/revisions\/959"}],"up":[{"embeddable":true,"href":"https:\/\/www.cp-beautypoint.at\/new\/index.php?rest_route=\/wp\/v2\/pages\/100"}],"wp:featuredmedia":[{"embeddable":true,"href":"https:\/\/www.cp-beautypoint.at\/new\/index.php?rest_route=\/wp\/v2\/media\/951"}],"wp:attachment":[{"href":"https:\/\/www.cp-beautypoint.at\/new\/index.php?rest_route=%2Fwp%2Fv2%2Fmedia&parent=953"}],"curies":[{"name":"wp","href":"https:\/\/api.w.org\/{rel}","templated":true}]}}